{"id":821,"date":"2019-06-07T21:04:33","date_gmt":"2019-06-07T19:04:33","guid":{"rendered":"http:\/\/www.soundcheck.ch\/?page_id=821"},"modified":"2020-02-09T01:46:32","modified_gmt":"2020-02-08T23:46:32","slug":"ueber-mich","status":"publish","type":"page","link":"https:\/\/www.soundcheck.ch\/index.php\/ueber-mich\/","title":{"rendered":"\u00dcber mich"},"content":{"rendered":"<div class=\"flex_column av_two_third  flex_column_div first  avia-builder-el-0  el_before_av_one_third  avia-builder-el-first  \" ><p><div  style='padding-bottom:0px; ' class='av-special-heading av-special-heading-h1    avia-builder-el-1  el_before_av_hr  avia-builder-el-first  '><h1 class='av-special-heading-tag '  itemprop=\"headline\"  >Meine Highlights<\/h1><div class='special-heading-border'><div class='special-heading-inner-border' ><\/div><\/div><\/div><br \/>\n<div  style='height:20px' class='hr hr-invisible   avia-builder-el-2  el_after_av_heading  el_before_av_table '><span class='hr-inner ' ><span class='hr-inner-style'><\/span><\/span><\/div><br \/>\n<div class='avia-data-table-wrap avia_responsive_table'><table class='avia-table avia-data-table avia-table-1  avia-builder-el-3  el_after_av_hr  el_before_av_hr  avia_pricing_default '  itemscope=\"itemscope\" itemtype=\"https:\/\/schema.org\/Table\" ><tbody><tr class=''><td class=''><\/p>\n<h3>2016<\/h3>\n<p><\/td><td class=''>Filmmusik f\u00fcr den Kinofilm &#8220;Der Frosch&#8221; Kompositionen (Songs und Score), Recording, Mixing und Producing f\u00fcr Langfilm, ab Herbst 2016 im Kino.<\/td><\/tr><tr class=''><td class=''><\/p>\n<h3>2016<\/h3>\n<p><\/td><td class=''>Kompositionen und Musical Director f\u00fcr Helga Schneiders &#8220;Superhelga&#8221;<br \/>\nZusammenarbeit mit Roman Riklin (Songtexte) &#8220;Musical Ewigi Liebi, Mein Name ist Eugen&#8221;<\/td><\/tr><tr class=''><td class=''><\/p>\n<h3>2013<\/h3>\n<p><\/td><td class=''>Kompositionen und Musical Director f\u00fcr Helga Schneiders \u00abHellness\u00bb<\/td><\/tr><tr class=''><td class=''><\/p>\n<h3>2012<\/h3>\n<p><\/td><td class=''>Werbefilm Komposition und Musikproduktion f\u00fcr \u00abGstaad Tourismus\u00bb Werbefilm, als \u00abWeltbesten Tourismusfilm 2012\u00bb pr\u00e4miert.<\/td><\/tr><tr class=''><td class=''><\/p>\n<h3>2011<\/h3>\n<p><\/td><td class=''>Grosse Werbe Aktion f\u00fcr \u00abMastro Lorenzo\u00bb, Musical Director und Produzent<\/td><\/tr><tr class=''><td class=''><\/p>\n<h3>2010<\/h3>\n<p><\/td><td class=''>Song Kompositionen f\u00fcr Marco Rimas Kinofilm, \u00abLiebling, lass uns scheiden\u00bb<\/td><\/tr><tr class=''><td class=''><\/p>\n<h3>2007<\/h3>\n<p><\/td><td class=''>Musical Director bei Deluxe Music, M\u00fcnchen f\u00fcr eine Konzertreihe, Club Soda<\/td><\/tr><tr class=''><td class=''><\/p>\n<h3>2006<\/h3>\n<p><\/td><td class=''>Produktionen f\u00fcr Philippe Chr\u00e9tien und Deluxe Music, M\u00fcnchen, Late Lounge<\/td><\/tr><tr class=''><td class=''><\/p>\n<h3>2006<\/h3>\n<p><\/td><td class=''>Zusammenarbeit und Mix Produktion bei und mit Peter Schmidt\/Ballsaal-Studio Berlin<\/td><\/tr><tr class=''><td class=''><\/p>\n<h3>2002<\/h3>\n<p><\/td><td class=''>Gewinner des renommierten \u00abSalzburger Stier\u00bb mit dem \u00abPfannnestil Chammer Sexdeet\u00bb<\/td><\/tr><tr class=''><td class=''><\/p>\n<h3>2001<\/h3>\n<p><\/td><td class=''>Pianist und S\u00e4nger des erfolgreichen Musik Kabarett \u00abPfannestil Chammer Sexdeet\u00bb \u00fcber 300 Konzerte in der ganzen Schweiz, Deutschland und \u00d6sterreich \u2013 bis 2005<\/td><\/tr><tr class=''><td class=''><\/p>\n<h3>1999<\/h3>\n<p><\/td><td class=''>Eurovisionsbeitrag als Komponist in der Deutschen Vorausscheidung in Bremen mit Michael von der Heide (4. Platz)<\/td><\/tr><tr class=''><td class=''><\/p>\n<h3>1994<\/h3>\n<p><\/td><td class=''>\u00dcbernahme der Soundcheck Studio AG in Bachenb\u00fclach und dort bis jetzt weit \u00fcber 100 CD Produktionen produziert als Tontechniker, Produzent und Musiker<\/td><\/tr><tr class=''><td class=''><\/p>\n<h3>1994<\/h3>\n<p><\/td><td class=''>Mix Session in Los Angeles f\u00fcr Lee \u00abScratch\u00bb Perry in Dieter Meiers Studio in Malibu f\u00fcr CD-Produktion \u00abTechnomajikal\u00bb<\/td><\/tr><tr class=''><td class=''><\/p>\n<h3>1994<\/h3>\n<p><\/td><td class=''>Produktion der \u00abOhrew\u00fcrm\u00bb CD als Tontechniker und Musiker, weit \u00fcber 100\u2018000 verkaufte Tontr\u00e4ger, Doppelgold und Platin Auszeichnungen<\/td><\/tr><tr class=''><td class=''><\/p>\n<h3>1994<\/h3>\n<p><\/td><td class=''>Aufnahme-Sessions und Zusammenarbeit mit Lee\u00abScratch\u00bb Perry im S.H.S. Studio<\/td><\/tr><tr class=''><td class=''><\/p>\n<h3>1990<\/h3>\n<p><\/td><td class=''>Konzert als Keyboarder mit Lee \u00abScratch\u00bb Perry in Paris im Bataclan<\/td><\/tr><tr class=''><td class=''><\/p>\n<h3>1990<\/h3>\n<p><\/td><td class=''>Gr\u00fcndung S.H.S. Studio in Z\u00fcrich, Aufnahmen und Mix f\u00fcr diverse Bands<\/td><\/tr><tr class=''><td class=''><\/p>\n<h3>1990<\/h3>\n<p><\/td><td class=''>Konzert am Openair St.Gallen mit der Band Limit<\/td><\/tr><tr class=''><td class=''><\/p>\n<h3>1987<\/h3>\n<p><\/td><td class=''>Einladung von Peter Maffay, Recordingsession in Peter Maffays \u00abRed Rooster Studio\u00bb in M\u00fcnchen mit der Band Limit<\/td><\/tr><tr class=''><td class=''><\/p>\n<h3>1987<\/h3>\n<p><\/td><td class=''>Gewinner \u00abZ\u00fcribandwettbewerb\u00bb von Radio 24 mit der Band Limit als Keyboarder und Komponist<\/td><\/tr><\/tbody><\/table><\/div><style type='text\/css'><\/style><br \/>\n<div  style='height:40px' class='hr hr-invisible   avia-builder-el-4  el_after_av_table  avia-builder-el-last '><span class='hr-inner ' ><span class='hr-inner-style'><\/span><\/span><\/div><\/p><\/div><div class=\"flex_column av_one_third  flex_column_div   avia-builder-el-5  el_after_av_two_third  avia-builder-el-last  \" ><p><div  style='height:60px' class='hr hr-invisible   avia-builder-el-6  el_before_av_image  avia-builder-el-first '><span class='hr-inner ' ><span class='hr-inner-style'><\/span><\/span><\/div><br \/>\n<div  class='avia-image-container  av-styling-    avia-builder-el-7  el_after_av_hr  avia-builder-el-last  avia-align-center '  itemprop=\"image\" itemscope=\"itemscope\" itemtype=\"https:\/\/schema.org\/ImageObject\"  ><div class='avia-image-container-inner'><div class='avia-image-overlay-wrap'><img class='avia_image' src='https:\/\/www.soundcheck.ch\/wp-content\/uploads\/2015\/01\/IMG_1013-300x247.jpg' alt='Tonstudio Soundcheck in Bachenb\u00fclach ist Ihr Musikstudio f\u00fcr professionelle S\u00e4ngerinnen, S\u00e4nger und Bands, sowie f\u00fcr Hobby Musikerinnen und Musiker, welche gerne Ihre eigene CD aufnehmen m\u00f6chten. Schenken Sie ihren Liebsten Freude mit Ihrer eigenen CD. Wir sind ihr top Tonstudio f\u00fcr die Region Z\u00fcrich, Aargau und Schaffhausen.' title='Tonstudio Soundcheck in Bachenb\u00fclach ist Ihr Musikstudio f\u00fcr professionelle S\u00e4ngerinnen, S\u00e4nger und Bands, sowie f\u00fcr Hobby Musikerinnen und Musiker, welche gerne Ihre eigene CD aufnehmen m\u00f6chten. Schenken Sie ihren Liebsten Freude mit Ihrer eigenen CD. Wir sind ihr top Tonstudio f\u00fcr die Region Z\u00fcrich, Aargau und Schaffhausen. IMG_1013' height=\"247\" width=\"300\"  itemprop=\"thumbnailUrl\"  \/><\/div><\/div><\/div><\/p><\/div><\/p>\n","protected":false},"excerpt":{"rendered":"","protected":false},"author":2,"featured_media":0,"parent":0,"menu_order":5,"comment_status":"open","ping_status":"closed","template":"","meta":{"two_page_speed":[]},"_links":{"self":[{"href":"https:\/\/www.soundcheck.ch\/index.php\/wp-json\/wp\/v2\/pages\/821"}],"collection":[{"href":"https:\/\/www.soundcheck.ch\/index.php\/wp-json\/wp\/v2\/pages"}],"about":[{"href":"https:\/\/www.soundcheck.ch\/index.php\/wp-json\/wp\/v2\/types\/page"}],"author":[{"embeddable":true,"href":"https:\/\/www.soundcheck.ch\/index.php\/wp-json\/wp\/v2\/users\/2"}],"replies":[{"embeddable":true,"href":"https:\/\/www.soundcheck.ch\/index.php\/wp-json\/wp\/v2\/comments?post=821"}],"version-history":[{"count":0,"href":"https:\/\/www.soundcheck.ch\/index.php\/wp-json\/wp\/v2\/pages\/821\/revisions"}],"wp:attachment":[{"href":"https:\/\/www.soundcheck.ch\/index.php\/wp-json\/wp\/v2\/media?parent=821"}],"curies":[{"name":"wp","href":"https:\/\/api.w.org\/{rel}","templated":true}]}}

Über mich

<div class="flex_column av_two_third  flex_column_div first  avia-builder-el-0  el_before_av_one_third  avia-builder-el-first  " ><p><div  style='padding-bottom:0px; ' class='av-special-heading av-special-heading-h1    avia-builder-el-1  el_before_av_hr  avia-builder-el-first  '><h1 class='av-special-heading-tag '  itemprop="headline"  >Meine Highlights</h1><div class='special-heading-border'><div class='special-heading-inner-border' ></div></div></div><br />
<div  style='height:20px' class='hr hr-invisible   avia-builder-el-2  el_after_av_heading  el_before_av_table '><span class='hr-inner ' ><span class='hr-inner-style'></span></span></div><br />
<div class='avia-data-table-wrap avia_responsive_table'><table class='avia-table avia-data-table avia-table-1  avia-builder-el-3  el_after_av_hr  el_before_av_hr  avia_pricing_default '  itemscope="itemscope" itemtype="https://schema.org/Table" ><tbody><tr class=''><td class=''></p>
<h3>2016</h3>
<p></td><td class=''>Filmmusik für den Kinofilm &#8220;Der Frosch&#8221; Kompositionen (Songs und Score), Recording, Mixing und Producing für Langfilm, ab Herbst 2016 im Kino.</td></tr><tr class=''><td class=''></p>
<h3>2016</h3>
<p></td><td class=''>Kompositionen und Musical Director für Helga Schneiders &#8220;Superhelga&#8221;<br />
Zusammenarbeit mit Roman Riklin (Songtexte) &#8220;Musical Ewigi Liebi, Mein Name ist Eugen&#8221;</td></tr><tr class=''><td class=''></p>
<h3>2013</h3>
<p></td><td class=''>Kompositionen und Musical Director für Helga Schneiders «Hellness»</td></tr><tr class=''><td class=''></p>
<h3>2012</h3>
<p></td><td class=''>Werbefilm Komposition und Musikproduktion für «Gstaad Tourismus» Werbefilm, als «Weltbesten Tourismusfilm 2012» prämiert.</td></tr><tr class=''><td class=''></p>
<h3>2011</h3>
<p></td><td class=''>Grosse Werbe Aktion für «Mastro Lorenzo», Musical Director und Produzent</td></tr><tr class=''><td class=''></p>
<h3>2010</h3>
<p></td><td class=''>Song Kompositionen für Marco Rimas Kinofilm, «Liebling, lass uns scheiden»</td></tr><tr class=''><td class=''></p>
<h3>2007</h3>
<p></td><td class=''>Musical Director bei Deluxe Music, München für eine Konzertreihe, Club Soda</td></tr><tr class=''><td class=''></p>
<h3>2006</h3>
<p></td><td class=''>Produktionen für Philippe Chrétien und Deluxe Music, München, Late Lounge</td></tr><tr class=''><td class=''></p>
<h3>2006</h3>
<p></td><td class=''>Zusammenarbeit und Mix Produktion bei und mit Peter Schmidt/Ballsaal-Studio Berlin</td></tr><tr class=''><td class=''></p>
<h3>2002</h3>
<p></td><td class=''>Gewinner des renommierten «Salzburger Stier» mit dem «Pfannnestil Chammer Sexdeet»</td></tr><tr class=''><td class=''></p>
<h3>2001</h3>
<p></td><td class=''>Pianist und Sänger des erfolgreichen Musik Kabarett «Pfannestil Chammer Sexdeet» über 300 Konzerte in der ganzen Schweiz, Deutschland und Österreich – bis 2005</td></tr><tr class=''><td class=''></p>
<h3>1999</h3>
<p></td><td class=''>Eurovisionsbeitrag als Komponist in der Deutschen Vorausscheidung in Bremen mit Michael von der Heide (4. Platz)</td></tr><tr class=''><td class=''></p>
<h3>1994</h3>
<p></td><td class=''>Übernahme der Soundcheck Studio AG in Bachenbülach und dort bis jetzt weit über 100 CD Produktionen produziert als Tontechniker, Produzent und Musiker</td></tr><tr class=''><td class=''></p>
<h3>1994</h3>
<p></td><td class=''>Mix Session in Los Angeles für Lee «Scratch» Perry in Dieter Meiers Studio in Malibu für CD-Produktion «Technomajikal»</td></tr><tr class=''><td class=''></p>
<h3>1994</h3>
<p></td><td class=''>Produktion der «Ohrewürm» CD als Tontechniker und Musiker, weit über 100‘000 verkaufte Tonträger, Doppelgold und Platin Auszeichnungen</td></tr><tr class=''><td class=''></p>
<h3>1994</h3>
<p></td><td class=''>Aufnahme-Sessions und Zusammenarbeit mit Lee«Scratch» Perry im S.H.S. Studio</td></tr><tr class=''><td class=''></p>
<h3>1990</h3>
<p></td><td class=''>Konzert als Keyboarder mit Lee «Scratch» Perry in Paris im Bataclan</td></tr><tr class=''><td class=''></p>
<h3>1990</h3>
<p></td><td class=''>Gründung S.H.S. Studio in Zürich, Aufnahmen und Mix für diverse Bands</td></tr><tr class=''><td class=''></p>
<h3>1990</h3>
<p></td><td class=''>Konzert am Openair St.Gallen mit der Band Limit</td></tr><tr class=''><td class=''></p>
<h3>1987</h3>
<p></td><td class=''>Einladung von Peter Maffay, Recordingsession in Peter Maffays «Red Rooster Studio» in München mit der Band Limit</td></tr><tr class=''><td class=''></p>
<h3>1987</h3>
<p></td><td class=''>Gewinner «Züribandwettbewerb» von Radio 24 mit der Band Limit als Keyboarder und Komponist</td></tr></tbody></table></div><style type='text/css'></style><br />
<div  style='height:40px' class='hr hr-invisible   avia-builder-el-4  el_after_av_table  avia-builder-el-last '><span class='hr-inner ' ><span class='hr-inner-style'></span></span></div></p></div><div class="flex_column av_one_third  flex_column_div   avia-builder-el-5  el_after_av_two_third  avia-builder-el-last  " ><p><div  style='height:60px' class='hr hr-invisible   avia-builder-el-6  el_before_av_image  avia-builder-el-first '><span class='hr-inner ' ><span class='hr-inner-style'></span></span></div><br />
<div  class='avia-image-container  av-styling-    avia-builder-el-7  el_after_av_hr  avia-builder-el-last  avia-align-center '  itemprop="image" itemscope="itemscope" itemtype="https://schema.org/ImageObject"  ><div class='avia-image-container-inner'><div class='avia-image-overlay-wrap'><img class='avia_image' src='https://www.soundcheck.ch/wp-content/uploads/2015/01/IMG_1013-300x247.jpg' alt='Tonstudio Soundcheck in Bachenbülach ist Ihr Musikstudio für professionelle Sängerinnen, Sänger und Bands, sowie für Hobby Musikerinnen und Musiker, welche gerne Ihre eigene CD aufnehmen möchten. Schenken Sie ihren Liebsten Freude mit Ihrer eigenen CD. Wir sind ihr top Tonstudio für die Region Zürich, Aargau und Schaffhausen.' title='Tonstudio Soundcheck in Bachenbülach ist Ihr Musikstudio für professionelle Sängerinnen, Sänger und Bands, sowie für Hobby Musikerinnen und Musiker, welche gerne Ihre eigene CD aufnehmen möchten. Schenken Sie ihren Liebsten Freude mit Ihrer eigenen CD. Wir sind ihr top Tonstudio für die Region Zürich, Aargau und Schaffhausen. IMG_1013' height="247" width="300"  itemprop="thumbnailUrl"  /></div></div></div></p></div></p>
