{"id":49,"date":"2020-05-03T17:09:55","date_gmt":"2020-05-03T15:09:55","guid":{"rendered":"http:\/\/soundcheck.salai.com\/?page_id=49"},"modified":"2020-10-12T17:13:19","modified_gmt":"2020-10-12T15:13:19","slug":"angebot","status":"publish","type":"page","link":"https:\/\/www.soundcheck.ch\/index.php\/angebot\/","title":{"rendered":"Dienstleistungen"},"content":{"rendered":"<div class=\"flex_column av_one_full  flex_column_div first  avia-builder-el-0  el_before_av_gallery  avia-builder-el-first  \" ><p><div  style='padding-bottom:10px; ' class='av-special-heading av-special-heading-h1    avia-builder-el-1  el_before_av_tab_container  avia-builder-el-first  '><h1 class='av-special-heading-tag '  itemprop=\"headline\"  >Musik- und Tonstudio Dienstleistungen<\/h1><div class='special-heading-border'><div class='special-heading-inner-border' ><\/div><\/div><\/div><br \/>\n<div  class=\"tabcontainer   sidebar_tab sidebar_tab_left noborder_tabs  avia-builder-el-2  el_after_av_heading  el_before_av_hr \">\n\n<section class=\"av_tab_section\"  itemscope=\"itemscope\" itemtype=\"https:\/\/schema.org\/CreativeWork\" >    <div aria-controls=\"tab-id-1\" role=\"tab\" tabindex=\"0\" data-fake-id=\"#tab-id-1\" class=\"tab active_tab\"  itemprop=\"headline\" >Recording & Mixing \u2013 Studio<\/div>\n    <div id=\"tab-id-1-container\" class=\"tab_content active_tab_content\" aria-hidden=\"false\">\n        <div class=\"tab_inner_content invers-color\"  itemprop=\"text\" >\n<ul>\n<li>Du spielst in einer Band und m\u00f6chtest in einem professionellen, gem\u00fctlichen Tonstudio Ambiente deine Songs einspielen und mischen lassen.<\/li>\n<li>Du hast im Proberaum Deine Songs selber aufgenommen und willst ein professionelles Mixing.<\/li>\n<li>Du m\u00f6chtest Dein Live-Konzert aufzeichnen und im Studio abmischen lassen .<\/li>\n<li>Du bist ein \u00abunter der Dusche\u00bb-S\u00e4nger und willst Deinen Lieblingshit in CD-Qualit\u00e4t besingen, um Deine Freunde zu verbl\u00fcffen.<\/li>\n<\/ul>\n<p>F\u00fcr das alles und noch viel mehr \u2013 willkommen in den Soundcheck Recording Studios!<\/p>\n\n        <\/div>\n    <\/div>\n<\/section>\n\n<section class=\"av_tab_section\"  itemscope=\"itemscope\" itemtype=\"https:\/\/schema.org\/CreativeWork\" >    <div aria-controls=\"tab-id-2\" role=\"tab\" tabindex=\"0\" data-fake-id=\"#tab-id-2\" class=\"tab \"  itemprop=\"headline\" >Producing \u2013 Produzieren und Feinschliff<\/div>\n    <div id=\"tab-id-2-container\" class=\"tab_content \" aria-hidden=\"true\">\n        <div class=\"tab_inner_content invers-color\"  itemprop=\"text\" >\n<p>Oft fehlt einem guten Song nur der letzte Schliff:<\/p>\n<p>Kleine \u00c4nderungen im Arrangement, das Weglassen oder Hinzuf\u00fcgen von Sounds \u2013 subtile Bearbeitungen, die aber den Charakter des Songs nicht ver\u00e4ndern, sondern die St\u00e4rken auf den Punkt bringen.<\/p>\n<p>Ich freue mich deine Songs im Soundcheck Tonstudio zu produzieren!<\/p>\n<p>Einen Auszug von Songs, die von mir im Soundcheck produziert wurden, findest du unter\u00a0<strong><a title=\"Sounds\" href=\"https:\/\/www.soundcheck.ch\/index.php\/referenzen\/sounds\/\">References<\/a><\/strong>.<\/p>\n\n        <\/div>\n    <\/div>\n<\/section>\n\n<section class=\"av_tab_section\"  itemscope=\"itemscope\" itemtype=\"https:\/\/schema.org\/CreativeWork\" >    <div aria-controls=\"tab-id-3\" role=\"tab\" tabindex=\"0\" data-fake-id=\"#tab-id-3\" class=\"tab \"  itemprop=\"headline\" >Composing \u2013 Komponieren und Arrangieren<\/div>\n    <div id=\"tab-id-3-container\" class=\"tab_content \" aria-hidden=\"true\">\n        <div class=\"tab_inner_content invers-color\"  itemprop=\"text\" >\n<ul>\n<li>Du bist S\u00e4ngerIn oder InstrumentalistIn und brauchst einen passenden Song.<\/li>\n<li>Ihre Firma m\u00f6chte sich durch eine Erkennungsmelodie oder einen Corporate Sound eine akustische Identit\u00e4t schaffen.<\/li>\n<li>Ihre Organisation oder ihr Verein braucht einen Song f\u00fcr einen speziellen Anlass.<\/li>\n<\/ul>\n<p>Ob Filmscore, R&#8217;n&#8217;B , Pop-Rock, Chillout, Smooth-Jazz, Lounge, Alternativ, Grunge oder Crossover \u2013 die Soundcheck Recording Studios liefern Composing nach Mass.<\/p>\n<p>Eine Auswahl der im Auftrag komponierten Songs findet ihr unter\u00a0<strong><a title=\"Sounds\" href=\"https:\/\/www.soundcheck.ch\/index.php\/referenzen\/sounds\/\">References<\/a><\/strong>.<\/p>\n\n        <\/div>\n    <\/div>\n<\/section>\n\n<section class=\"av_tab_section\"  itemscope=\"itemscope\" itemtype=\"https:\/\/schema.org\/CreativeWork\" >    <div aria-controls=\"tab-id-4\" role=\"tab\" tabindex=\"0\" data-fake-id=\"#tab-id-4\" class=\"tab \"  itemprop=\"headline\" >Musician \u2013 Pianist und Programmer<\/div>\n    <div id=\"tab-id-4-container\" class=\"tab_content \" aria-hidden=\"true\">\n        <div class=\"tab_inner_content invers-color\"  itemprop=\"text\" >\n<p>In modernen Produktionen gewinnt das Programming und Editing immer mehr an Bedeutung. Drums programmieren, Loops bearbeiten, raffinierte Patterns erstellen, coole Rhodes-Phrasen, Strings- oder Bl\u00e4ser-Arrangements programmieren, Stimmen bearbeiten etc. Mit dem Equipment in den Soundcheck Recording Studios und meiner langj\u00e4hrigen Erfahrung als Musiker\/Programmer\u00a0 lassen sich Songs auf h\u00f6chstem Niveau verwirklichen.<\/p>\n<p>Als Pianist, Keyboarder und S\u00e4nger habe ich inzwischen \u00fcber 450\u00a0 OpenAirs, Kleintheater, Festivals bespielt.<\/p>\n<p>Beispielsweise mit Limit, Subway Cocktail, Bettina Schelker, Doris Ackermann, Lee \u00abScratch\u00bb Perry, Pfannestil Chammer Sexdeet\u00a0 (2 Programme), Dani Bischoff, Amire, Philippe Chr\u00e9tien, Bohnen im Urlaub.<\/p>\n\n        <\/div>\n    <\/div>\n<\/section>\n\n<\/div>\n<br \/>\n<div  style='height:10px' class='hr hr-invisible   avia-builder-el-3  el_after_av_tab_container  avia-builder-el-last '><span class='hr-inner ' ><span class='hr-inner-style'><\/span><\/span><\/div><\/p><\/div>\n<div  class='avia-gallery  avia-gallery-1 deactivate_avia_lazyload avia-gallery-animate avia_animate_when_visible  avia-builder-el-4  el_after_av_one_full  avia-builder-el-last '  itemprop=\"image\" itemscope=\"itemscope\" itemtype=\"https:\/\/schema.org\/ImageObject\" ><div class='avia-gallery-thumb'> <a href='https:\/\/www.soundcheck.ch\/wp-content\/uploads\/2020\/10\/ea2f82da-9e09-4f7a-b390-80706f29a37e-1030x912.jpg' data-rel='gallery-1' data-prev-img='https:\/\/www.soundcheck.ch\/wp-content\/uploads\/2020\/10\/ea2f82da-9e09-4f7a-b390-80706f29a37e-180x180.jpg' class='first_thumb lightbox ' data-onclick='1' title=''  itemprop=\"thumbnailUrl\" ><img  src='https:\/\/www.soundcheck.ch\/wp-content\/uploads\/2020\/10\/ea2f82da-9e09-4f7a-b390-80706f29a37e-845x684.jpg' width='845' height='684'  title='ea2f82da-9e09-4f7a-b390-80706f29a37e' alt='' \/><\/a> <a href='https:\/\/www.soundcheck.ch\/wp-content\/uploads\/2020\/10\/IMG_4695-1030x930.jpg' data-rel='gallery-1' data-prev-img='https:\/\/www.soundcheck.ch\/wp-content\/uploads\/2020\/10\/IMG_4695-180x180.jpg' class='lightbox ' data-onclick='2' title=''  itemprop=\"thumbnailUrl\" ><img  src='https:\/\/www.soundcheck.ch\/wp-content\/uploads\/2020\/10\/IMG_4695-845x684.jpg' width='845' height='684'  title='IMG_4695' alt='' \/><\/a> <a href='https:\/\/www.soundcheck.ch\/wp-content\/uploads\/2020\/10\/IMG_4020-1030x773.jpg' data-rel='gallery-1' data-prev-img='https:\/\/www.soundcheck.ch\/wp-content\/uploads\/2020\/10\/IMG_4020-180x180.jpg' class='lightbox ' data-onclick='3' title=''  itemprop=\"thumbnailUrl\" ><img  src='https:\/\/www.soundcheck.ch\/wp-content\/uploads\/2020\/10\/IMG_4020-845x684.jpg' width='845' height='684'  title='IMG_4020' alt='' \/><\/a> <a href='https:\/\/www.soundcheck.ch\/wp-content\/uploads\/2020\/10\/IMG_2196-1030x773.jpg' data-rel='gallery-1' data-prev-img='https:\/\/www.soundcheck.ch\/wp-content\/uploads\/2020\/10\/IMG_2196-180x180.jpg' class='lightbox ' data-onclick='4' title=''  itemprop=\"thumbnailUrl\" ><img  src='https:\/\/www.soundcheck.ch\/wp-content\/uploads\/2020\/10\/IMG_2196-845x684.jpg' width='845' height='684'  title='IMG_2196' alt='' \/><\/a> <a href='https:\/\/www.soundcheck.ch\/wp-content\/uploads\/2020\/10\/IMG_1249-1030x1030.jpg' data-rel='gallery-1' data-prev-img='https:\/\/www.soundcheck.ch\/wp-content\/uploads\/2020\/10\/IMG_1249-180x180.jpg' class='lightbox ' data-onclick='5' title=''  itemprop=\"thumbnailUrl\" ><img  src='https:\/\/www.soundcheck.ch\/wp-content\/uploads\/2020\/10\/IMG_1249-845x684.jpg' width='845' height='684'  title='IMG_1249' alt='' \/><\/a> <a href='https:\/\/www.soundcheck.ch\/wp-content\/uploads\/2020\/10\/IMG_1107-645x1030.jpg' data-rel='gallery-1' data-prev-img='https:\/\/www.soundcheck.ch\/wp-content\/uploads\/2020\/10\/IMG_1107-180x180.jpg' class='lightbox ' data-onclick='6' title=''  itemprop=\"thumbnailUrl\" ><img  src='https:\/\/www.soundcheck.ch\/wp-content\/uploads\/2020\/10\/IMG_1107-758x684.jpg' width='758' height='684'  title='IMG_1107' alt='' \/><\/a> <a href='https:\/\/www.soundcheck.ch\/wp-content\/uploads\/2020\/10\/IMG_0916-1030x773.jpg' data-rel='gallery-1' data-prev-img='https:\/\/www.soundcheck.ch\/wp-content\/uploads\/2020\/10\/IMG_0916-180x180.jpg' class='lightbox ' data-onclick='7' title=''  itemprop=\"thumbnailUrl\" ><img  src='https:\/\/www.soundcheck.ch\/wp-content\/uploads\/2020\/10\/IMG_0916-845x684.jpg' width='845' height='684'  title='IMG_0916' alt='' \/><\/a> <a href='https:\/\/www.soundcheck.ch\/wp-content\/uploads\/2020\/10\/IMG_0827-1030x773.jpg' data-rel='gallery-1' data-prev-img='https:\/\/www.soundcheck.ch\/wp-content\/uploads\/2020\/10\/IMG_0827-180x180.jpg' class='lightbox ' data-onclick='8' title=''  itemprop=\"thumbnailUrl\" ><img  src='https:\/\/www.soundcheck.ch\/wp-content\/uploads\/2020\/10\/IMG_0827-845x684.jpg' width='845' height='684'  title='IMG_0827' alt='' \/><\/a> <a href='https:\/\/www.soundcheck.ch\/wp-content\/uploads\/2020\/10\/IMG_0430-1030x773.jpg' data-rel='gallery-1' data-prev-img='https:\/\/www.soundcheck.ch\/wp-content\/uploads\/2020\/10\/IMG_0430-180x180.jpg' class='lightbox ' data-onclick='9' title=''  itemprop=\"thumbnailUrl\" ><img  src='https:\/\/www.soundcheck.ch\/wp-content\/uploads\/2020\/10\/IMG_0430-845x684.jpg' width='845' height='684'  title='IMG_0430' alt='' \/><\/a> <a href='https:\/\/www.soundcheck.ch\/wp-content\/uploads\/2020\/10\/IMG_0263-1030x773.jpg' data-rel='gallery-1' data-prev-img='https:\/\/www.soundcheck.ch\/wp-content\/uploads\/2020\/10\/IMG_0263-180x180.jpg' class='lightbox ' data-onclick='10' title=''  itemprop=\"thumbnailUrl\" ><img  src='https:\/\/www.soundcheck.ch\/wp-content\/uploads\/2020\/10\/IMG_0263-845x684.jpg' width='845' height='684'  title='IMG_0263' alt='' \/><\/a> <a href='https:\/\/www.soundcheck.ch\/wp-content\/uploads\/2020\/10\/IMG_0760-1030x1030.jpg' data-rel='gallery-1' data-prev-img='https:\/\/www.soundcheck.ch\/wp-content\/uploads\/2020\/10\/IMG_0760-180x180.jpg' class='lightbox ' data-onclick='11' title=''  itemprop=\"thumbnailUrl\" ><img  src='https:\/\/www.soundcheck.ch\/wp-content\/uploads\/2020\/10\/IMG_0760-845x684.jpg' width='845' height='684'  title='IMG_0760' alt='' \/><\/a> <a href='https:\/\/www.soundcheck.ch\/wp-content\/uploads\/2020\/10\/IMG_0762-1030x1025.jpg' data-rel='gallery-1' data-prev-img='https:\/\/www.soundcheck.ch\/wp-content\/uploads\/2020\/10\/IMG_0762-180x180.jpg' class='lightbox ' data-onclick='12' title=''  itemprop=\"thumbnailUrl\" ><img  src='https:\/\/www.soundcheck.ch\/wp-content\/uploads\/2020\/10\/IMG_0762-845x684.jpg' width='845' height='684'  title='IMG_0762' alt='' \/><\/a><\/div><\/div>\n","protected":false},"excerpt":{"rendered":"","protected":false},"author":1,"featured_media":0,"parent":0,"menu_order":0,"comment_status":"open","ping_status":"closed","template":"","meta":{"two_page_speed":[]},"_links":{"self":[{"href":"https:\/\/www.soundcheck.ch\/index.php\/wp-json\/wp\/v2\/pages\/49"}],"collection":[{"href":"https:\/\/www.soundcheck.ch\/index.php\/wp-json\/wp\/v2\/pages"}],"about":[{"href":"https:\/\/www.soundcheck.ch\/index.php\/wp-json\/wp\/v2\/types\/page"}],"author":[{"embeddable":true,"href":"https:\/\/www.soundcheck.ch\/index.php\/wp-json\/wp\/v2\/users\/1"}],"replies":[{"embeddable":true,"href":"https:\/\/www.soundcheck.ch\/index.php\/wp-json\/wp\/v2\/comments?post=49"}],"version-history":[{"count":0,"href":"https:\/\/www.soundcheck.ch\/index.php\/wp-json\/wp\/v2\/pages\/49\/revisions"}],"wp:attachment":[{"href":"https:\/\/www.soundcheck.ch\/index.php\/wp-json\/wp\/v2\/media?parent=49"}],"curies":[{"name":"wp","href":"https:\/\/api.w.org\/{rel}","templated":true}]}}