{"id":1047,"date":"2020-05-26T21:29:03","date_gmt":"2020-05-26T19:29:03","guid":{"rendered":"https:\/\/www.soundcheck.ch\/?page_id=1047"},"modified":"2020-06-25T10:37:15","modified_gmt":"2020-06-25T08:37:15","slug":"musikstudio","status":"publish","type":"page","link":"https:\/\/www.soundcheck.ch\/index.php\/musikstudio\/","title":{"rendered":"Musikstudio"},"content":{"rendered":"<div id='full_slider_1'  class='avia-fullwidth-slider main_color avia-shadow   avia-builder-el-0  el_before_av_section  avia-builder-el-first   container_wrap fullsize' style=' '  ><div   data-size='featured'  data-lightbox_size='large'  data-animation='fade'  data-conditional_play=''  data-ids='611,566,764'  data-video_counter='0'  data-autoplay='true'  data-bg_slider='false'  data-slide_height=''  data-handle='av_slideshow_full'  data-interval='8'  data-class=' '  data-el_id=''  data-css_id=''  data-scroll_down=''  data-control_layout='av-control-default'  data-custom_markup=''  data-perma_caption=''  data-autoplay_stopper=''  data-image_attachment=''  data-min_height='0px'  data-src=''  data-position='top left'  data-repeat='no-repeat'  data-attach='scroll'  data-stretch=''  data-default-height='28.666666666667'  class='avia-slideshow avia-slideshow-1  av-control-default av-default-height-applied avia-slideshow-featured av_slideshow_full   avia-fade-slider '  itemprop=\"image\" itemscope=\"itemscope\" itemtype=\"https:\/\/schema.org\/ImageObject\" ><ul class='avia-slideshow-inner ' style='padding-bottom: 28.666666666667%;' ><li  class=' slide-1 ' ><div data-rel='slideshow-1' class='avia-slide-wrap '  title='Tonstudio Soundcheck in Bachenb\u00fclach ist Ihr Musikstudio f\u00fcr professionelle S\u00e4ngerinnen, S\u00e4nger und Bands, sowie f\u00fcr Hobby Musikerinnen und Musiker, welche gerne Ihre eigene CD aufnehmen m\u00f6chten. Schenken Sie ihren Liebsten Freude mit Ihrer eigenen CD. Wir sind ihr top Tonstudio f\u00fcr die Region Z\u00fcrich, Aargau und Schaffhausen. ' ><img src='https:\/\/www.soundcheck.ch\/wp-content\/uploads\/2014\/09\/DSCN1698--1500x430.jpg' width='1500' height='430' title='Tonstudio Soundcheck in Bachenb\u00fclach ist Ihr Musikstudio f\u00fcr professionelle S\u00e4ngerinnen, S\u00e4nger und Bands, sowie f\u00fcr Hobby Musikerinnen und Musiker' alt='Tonstudio Soundcheck in Bachenb\u00fclach ist Ihr Musikstudio f\u00fcr professionelle S\u00e4ngerinnen, S\u00e4nger und Bands, sowie f\u00fcr Hobby Musikerinnen und Musiker'  itemprop=\"thumbnailUrl\"   \/><\/div><\/li><li  class=' slide-2 ' ><div data-rel='slideshow-1' class='avia-slide-wrap '   ><img src='https:\/\/www.soundcheck.ch\/wp-content\/uploads\/2014\/09\/DSCN0178-1500x430.jpg' width='1500' height='430' title='Tonstudio Soundcheck in Bachenb\u00fclach ist Ihr Musikstudio f\u00fcr professionelle S\u00e4ngerinnen, S\u00e4nger und Bands, sowie f\u00fcr Hobby Musikerinnen und Musiker, welche gerne Ihre eigene CD aufnehmen m\u00f6chten. Schenken Sie ihren Liebsten Freude mit Ihrer eigenen CD. Wir sind ihr top Tonstudio f\u00fcr die Region Z\u00fcrich, Aargau und Schaffhausen. DSCN0178' alt='Tonstudio Soundcheck in Bachenb\u00fclach ist Ihr Musikstudio f\u00fcr professionelle S\u00e4ngerinnen, S\u00e4nger und Bands, sowie f\u00fcr Hobby Musikerinnen und Musiker, welche gerne Ihre eigene CD aufnehmen m\u00f6chten. Schenken Sie ihren Liebsten Freude mit Ihrer eigenen CD. Wir sind ihr top Tonstudio f\u00fcr die Region Z\u00fcrich, Aargau und Schaffhausen.'  itemprop=\"thumbnailUrl\"   \/><\/div><\/li><li  class=' slide-3 ' ><div data-rel='slideshow-1' class='avia-slide-wrap '  title='Tonstudio Soundcheck in Bachenb\u00fclach ist Ihr Musikstudio f\u00fcr professionelle S\u00e4ngerinnen, S\u00e4nger und Bands, sowie f\u00fcr Hobby Musikerinnen und Musiker, welche gerne Ihre eigene CD aufnehmen m\u00f6chten. Schenken Sie ihren Liebsten Freude mit Ihrer eigenen CD. Wir sind ihr top Tonstudio f\u00fcr die Region Z\u00fcrich, Aargau und Schaffhausen. ' ><img src='https:\/\/www.soundcheck.ch\/wp-content\/uploads\/2014\/09\/fader-1440x430.jpg' width='1440' height='430' title='Tonstudio Soundcheck in Bachenb\u00fclach ist Ihr Musikstudio f\u00fcr professionelle S\u00e4ngerinnen, S\u00e4nger und Bands, sowie f\u00fcr Hobby Musikerinnen und Musiker, welche gerne Ihre eigene CD aufnehmen m\u00f6chten. Schenken Sie ihren Liebsten Freude mit Ihrer eigenen CD. Wir sind ihr top Tonstudio f\u00fcr die Region Z\u00fcrich, Aargau und Schaffhausen. fader' alt='Tonstudio Soundcheck in Bachenb\u00fclach ist Ihr Musikstudio f\u00fcr professionelle S\u00e4ngerinnen, S\u00e4nger und Bands, sowie f\u00fcr Hobby Musikerinnen und Musiker, welche gerne Ihre eigene CD aufnehmen m\u00f6chten. Schenken Sie ihren Liebsten Freude mit Ihrer eigenen CD. Wir sind ihr top Tonstudio f\u00fcr die Region Z\u00fcrich, Aargau und Schaffhausen.'  itemprop=\"thumbnailUrl\"   \/><\/div><\/li><\/ul><div class='avia-slideshow-arrows avia-slideshow-controls'><a href='#prev' class='prev-slide' aria-hidden='true' data-av_icon='\ue87c' data-av_iconfont='entypo-fontello'>Zur\u00fcck<\/a><a href='#next' class='next-slide' aria-hidden='true' data-av_icon='\ue87d' data-av_iconfont='entypo-fontello'>Weiter<\/a><\/div><div class='avia-slideshow-dots avia-slideshow-controls'><a href='#1' class='goto-slide active' >1<\/a><a href='#2' class='goto-slide ' >2<\/a><a href='#3' class='goto-slide ' >3<\/a><\/div><\/div><\/div>\n<div id='av_section_1'  class='avia-section main_color avia-section-default avia-no-border-styling avia-bg-style-scroll  avia-builder-el-1  el_after_av_slideshow_full  avia-builder-el-last   av-arrow-down-section container_wrap fullsize' style=' '  ><div class='container' ><div class='template-page content  av-content-full alpha units'><div class='post-entry post-entry-type-page post-entry-1047'><div class='entry-content-wrapper clearfix'>\n<div class=\"flex_column av_one_full  flex_column_div first  avia-builder-el-2  el_before_av_one_full  avia-builder-el-first  \" ><section class=\"av_textblock_section \"  itemscope=\"itemscope\" itemtype=\"https:\/\/schema.org\/CreativeWork\" ><div class='avia_textblock  '   itemprop=\"text\" ><h1 style=\"text-align: center;\">Ihr Musikstudio Soundcheck<\/h1>\n<h2 style=\"text-align: center;\">Quality \u2013 Experience \u2013 Good Vibes<strong><br \/>\n<\/strong><\/h2>\n<\/div><\/section><\/div><div class=\"flex_column av_one_full  flex_column_div av-zero-column-padding first  avia-builder-el-4  el_after_av_one_full  avia-builder-el-last  column-top-margin\" style='border-radius:0px; '><section class=\"av_textblock_section \"  itemscope=\"itemscope\" itemtype=\"https:\/\/schema.org\/CreativeWork\" ><div class='avia_textblock  '   itemprop=\"text\" ><h3 style=\"text-align: center;\">Professionelles Musikstudio<\/h3>\n<h5 style=\"text-align: center;\">Bei uns trifft jeder den Ton, ob Profi oder Amateur. Wir machen Sie H\u00d6RBAR!<\/h5>\n<\/div><\/section><\/div>\n","protected":false},"excerpt":{"rendered":"","protected":false},"author":2,"featured_media":667,"parent":0,"menu_order":0,"comment_status":"open","ping_status":"closed","template":"","meta":{"two_page_speed":[]},"_links":{"self":[{"href":"https:\/\/www.soundcheck.ch\/index.php\/wp-json\/wp\/v2\/pages\/1047"}],"collection":[{"href":"https:\/\/www.soundcheck.ch\/index.php\/wp-json\/wp\/v2\/pages"}],"about":[{"href":"https:\/\/www.soundcheck.ch\/index.php\/wp-json\/wp\/v2\/types\/page"}],"author":[{"embeddable":true,"href":"https:\/\/www.soundcheck.ch\/index.php\/wp-json\/wp\/v2\/users\/2"}],"replies":[{"embeddable":true,"href":"https:\/\/www.soundcheck.ch\/index.php\/wp-json\/wp\/v2\/comments?post=1047"}],"version-history":[{"count":0,"href":"https:\/\/www.soundcheck.ch\/index.php\/wp-json\/wp\/v2\/pages\/1047\/revisions"}],"wp:featuredmedia":[{"embeddable":true,"href":"https:\/\/www.soundcheck.ch\/index.php\/wp-json\/wp\/v2\/media\/667"}],"wp:attachment":[{"href":"https:\/\/www.soundcheck.ch\/index.php\/wp-json\/wp\/v2\/media?parent=1047"}],"curies":[{"name":"wp","href":"https:\/\/api.w.org\/{rel}","templated":true}]}}